 a(g) = 5*g**3 - 173*g + 171. Determine a(1).
3
Let y(q) = 52*q - 186. Give y(4).
22
Let j(r) = r**3 - 7*r**2 + 14*r + 16. What is j(6)?
64
Let l(j) = 3*j - 58. Give l(7).
-37
Let w(x) = 5*x**2 + 236*x + 1252. Give w(-41).
-19
Let h(w) = 4*w**3 + 378*w**2 + 183*w - 464. What is h(-94)?
6
Let d(m) = 92*m - 667. Give d(7).
-23
Let f(y) = -y**3 - 16*y**2 - 10*y + 15. Calculate f(-15).
-60
Let m(w) = w**2 + 22*w - 67. What is m(-15)?
-172
Let i(l) = -l**3 + 15*l**2 + 113*l - 603. What is i(19)?
100
Let z(g) = -g**3 - 17*g**2 - 2*g - 22. Calculate z(-17).
12
Let c(d) = 405*d - 1598. Calculate c(4).
22
Let l(k) = -109*k - 2576. Give l(-24).
40
Let v(h) = 2*h**3 - 58*h**2 - 9*h + 1813. Calculate v(28).
-7
Let h(w) = w**2 - 43*w - 80. Determine h(-5).
160
Let u(x) = 266*x + 167. Give u(-2).
-365
Let x(p) = p**3 - 8*p**2 + 22*p - 236. Give x(9).
43
Let k(f) = -f**3 + 75*f**2 + 385*f - 69. Determine k(-5).
6
Let x(a) = -42*a + 2442. Calculate x(58).
6
Let i(q) = 2*q**2 + 46*q - 100. What is i(-25)?
0
Let x(b) = 16*b - 628. Calculate x(40).
12
Let k(h) = -72*h - 821. What is k(-12)?
43
Let f(h) = 2166*h - 12999. Determine f(6).
-3
Let r(c) = 43*c + 1422. What is r(-33)?
3
Let c(r) = -5*r**3 - r**2 + 73*r + 75. Determine c(-1).
6
Let f(a) = a**2 + 123*a - 4769. Calculate f(31).
5
Let f(j) = -j**2 - 157*j - 3394. What is f(-26)?
12
Let j(u) = -32*u - 688. What is j(-20)?
-48
Let n(d) = -81*d - 165. What is n(-2)?
-3
Let i(r) = -7*r - 375. Calculate i(-53).
-4
Let b(z) = z**2 + 6*z - 82. What is b(6)?
-10
Let z(n) = -1008*n + 5053. Calculate z(5).
13
Let g(w) = -w**3 + 54*w**2 + 53*w + 140. Determine g(55).
30
Let c(l) = -102*l**2 + 618*l - 37. What is c(6)?
-1
Let g(a) = 3*a**2 + 61*a + 186. Calculate g(-17).
16
Let k(q) = -59*q + 69. Calculate k(1).
10
Let m(d) = d**3 - d**2 - 6*d + 37. What is m(4)?
61
Let q(g) = -16*g**3 + 4*g**2 - 2*g. Determine q(2).
-116
Let g(i) = -55*i**3 + 8*i - 4. Determine g(2).
-428
Let u(v) = 228*v - 4957. Calculate u(22).
59
Let k(x) = -27*x + 1618. What is k(59)?
25
Let z(q) = -9*q**2 - 130*q - 65. Give z(-14).
-9
Let s(p) = 464*p - 2317. Determine s(5).
3
Let n(v) = 224*v + 1648. Give n(-9).
-368
Let m(i) = -i**2 + 498*i - 3925. What is m(8)?
-5
Let f(m) = -m**3 + 31*m**2 + 12*m + 123. What is f(31)?
495
Let q(r) = 148*r + 845. Calculate q(-6).
-43
Let i(t) = 12*t - 22. Calculate i(5).
38
Let i(p) = 19*p + 212. Determine i(-20).
-168
Let w(h) = h**3 - h**2 + 15*h + 73. What is w(-3)?
-8
Let y(j) = j**3 + 18*j**2 + 10*j + 554. Give y(-19).
3
Let h(p) = -24*p - 497. What is h(-20)?
-17
Let z(n) = 5*n**2 + 167*n - 104. Calculate z(-34).
-2
Let d(f) = 8*f**2 + 522*f + 86. Give d(-66).
482
Let j(r) = 3*r**3 - 79*r**2 - 46*r + 45. Determine j(27).
261
Let l(i) = -32*i + 847. What is l(24)?
79
Let w(f) = f**3 + 21*f**2 + 112*f + 66. What is w(-6)?
-66
Let u(h) = 23*h + 74. Give u(2).
120
Let i(k) = k**3 + 11*k**2 + 28*k - 15. What is i(-4)?
-15
Let n(d) = -d**2 - 72*d - 1192. Determine n(-46).
4
Let u(v) = -188*v - 24. Determine u(0).
-24
Let p(j) = -119*j - 1346. Determine p(-11).
-37
Let x(w) = -w**2 - 105*w - 1100. Determine x(-93).
16
Let z(p) = -p**2 - 36*p - 40. What is z(-33)?
59
Let q(x) = 93*x**2 + 3531*x - 118. Give q(-38).
-4
Let q(n) = 172*n + 505. Determine q(-4).
-183
Let f(c) = -c**2 - 130*c - 11. Determine f(0).
-11
Let r(o) = o**3 + o**2 - 5*o + 4. What is r(2)?
6
Let p(f) = -1155*f + 68. Give p(0).
68
Let c(p) = 8*p**2 - 20*p - 34. Calculate c(6).
134
Let l(i) = i**2 - 35*i + 234. Calculate l(32).
138
Let i(y) = 245*y + 1630. Determine i(-7).
-85
Let n(i) = -1893*i + 13244. Determine n(7).
-7
Let r(x) = 556*x - 5552. Determine r(10).
8
Let y(a) = -3*a**2 - 103*a - 868. Calculate y(-16).
12
Let g(u) = u**3 + 4*u**2 - 25*u - 41. Give g(-7).
-13
Let t(o) = 2*o**2 + 401*o + 3068. Calculate t(-8).
-12
Let s(o) = o**3 + 32*o**2 + 27*o + 121. Give s(-31).
245
Let s(r) = -16*r - 369. Calculate s(-25).
31
Let t(d) = d**3 + 131*d**2 + 755*d + 14. Calculate t(-6).
-16
Let v(l) = -91*l**2 - 19*l + 19. What is v(1)?
-91
Let f(v) = 3*v**2 + 3*v - 11. Determine f(-5).
49
Let o(r) = -68*r + 336. Give o(5).
-4
Let b(z) = -2*z**2 + 25*z - 14. Determine b(9).
49
Let z(y) = -4*y**2 + 31*y + 77. Calculate z(12).
-127
Let s(h) = h**3 - 55*h**2 + 418*h - 195. Determine s(46).
-11
Let l(d) = -45*d**2 + 26*d - 44. Calculate l(2).
-172
Let u(c) = -c**2 - 33*c - 229. Determine u(-24).
-13
Let j(h) = -h**3 + 28*h**2 + 31*h - 83. Determine j(29).
-25
Let d(f) = 2*f**2 + 12*f + 29. Calculate d(-8).
61
Let s(f) = 79*f**2 + 1023*f - 28. Give s(-13).
24
Let u(t) = -830*t - 14115. Calculate u(-17).
-5
Let u(n) = -6*n**2 - 394*n + 392. What is u(1)?
-8
Let j(d) = 102*d - 26. Determine j(2).
178
Let k(c) = -17*c - 7. Give k(-4).
61
Let h(v) = 40*v - 936. What is h(23)?
-16
Let y(f) = 4*f - 23. Give y(6).
1
Let n(m) = m**3 - 38*m**2 + 9*m - 271. Give n(38).
71
Let j(u) = 2*u - 85. What is j(2)?
-81
Let m(z) = -24*z - 886. Determine m(-32).
-118
Let u(n) = -4*n**3 + 125*n**2 - 28*n - 51. Determine u(31).
42
Let t(f) = -f**2 + 1487*f - 66284. What is t(46)?
2
Let w(l) = l**3 + 5*l**2 - 34*l - 1. Give w(-9).
-19
Let y(v) = -6*v + 135. Give y(20).
15
Let j(u) = -u**2 + 3116*u - 21765. What is j(7)?
-2
Let l(n) = n**3 + 44*n**2 + 44*n - 186. What is l(-43)?
-229
Let j(s) = 5*s**2 + 101*s + 100. Give j(-1).
4
Let v(z) = -68*z - 352. Calculate v(-4).
-80
Let g(i) = i**3 - 17*i**2 + 26*i - 39. What is g(10)?
-479
Let j(h) = 53*h**2 - 325*h + 54. What is j(6)?
12
Let j(l) = 3*l**2 + 17*l - 29. Determine j(-7).
-1
Let k(a) = -a**3 + 25*a**2 - 118*a - 135. Calculate k(18).
9
Let t(p) = -79*p - 818. Calculate t(-10).
-28
Let l(p) = p**3 - 15*p**2 + 29*p - 97. Determine l(13).
-58
Let m(w) = -2*w**3 + 73*w**2 - 600*w - 11. Calculate m(24).
-11
Let b(a) = 3*a**2 + 210*a + 988. What is b(-5)?
13
Let n(x) = x**3 - 29*x**2 + 220*x - 1094. Calculate n(21).
-2
Let y(b) = 97*b**2 + 315*b + 76. Determine y(-3).
4
Let y(o) = 2*o**2 - 31*o + 75. What is y(12)?
-9
Let y(g) = -62*g**3 - 4*g**2 - 5*g - 1. What is y(-1)?
62
Let p(z) = -914*z - 46611. What is p(-51)?
3
Let d(r) = r**3 + 127*r**2 - 942*r - 546. Calculate d(-134).
-10
Let v(r) = -r**3 - 110*r**2 + 45*r + 4966. What is v(-110)?
16
Let a(z) = -14*z**2 - 74*z + 11. What is a(-5)?
31
Let p(b) = 2*b**2 - 50*b - 102. What is p(-3)?
66
Let n(d) = -48*d + 1003. Give n(21).
-5
Let a(m) = -m**2 - 224*m - 890. What is a(-4)?
-10
Let v(l) = 5343*l**2 - 85489*l + 9. Calculate v(16).
-7
Let z(s) = 4052*s + 12154. What is z(-3)?
-2
Let s(f) = -348*f - 2442. Give s(-7).
-6
Let n(r) = r**3 - 43*r**2 + 471*r + 13. Determine n(22).
211
Let t(u) = -2*u**3 - 33*u**2 + 20*u + 44. Determine t(-17).
-7
Let u(y) = 22*y + 23. Determine u(-9).
-175
Let m(i) = 5*i**2 + 267*i + 1322. What is m(-5)?
112
Let h(z) = -2009*z + 8. Determine h(0).
8
Let q(v) = v**3 - 37*v**2 + 235*v - 87. Give q(29).
0
Let v(o) = 4*o - 140. Calculate v(-33).
-272
Let h(s) = -9*s - 5. What is h(5)?
-50
Let w(o) = -2*o**3 + 4*o**2 + 694*o + 1381. What is w(-2)?
25
Let h(q) = 3*q**3 - 3*q**2 + 5*q - 4. What is h(1)?
1
Let r(q) = -q**2 + 242*q - 6001. Determine r(28).
-9
Let c(p) = 15*p + 1332. Calculate c(-89).
-3
Let v(x) = 13*x**2 - 85*x - 542. Calculate v(-4).
6
Let i(q) = -q**3 + 12*q**2 - 41*q + 86. Determine i(10).
-124
Let r(u) = -33*u**2 + 31*u - 64. Give r(2).
-134
Let u(y) = -34*y + 23. Give u(0).
23
Let p(s) = -5*s**2 + 9*s - 19. Calculate p(4).
-63
Let n(f) = f + 116. Give n(21).
137
Let g(w) = -w**2 + w + 346. Give g(19).
4
Let s(q) = -4*q**2 + 868*q + 12933. Calculate s(-14).
-3
Let f(q) = q**2 - 234*q + 3473. Calculate f(16).
-15
Let p(w) = 2*w**3 - 21*w**2 + 53*w - 37. Give p(7).
-9
Let u(o) = -2*o**3 + 138*o**2 - 405*o + 602. What is u(66)?
8
Let v(m) = -1131*m + 29400. What is v(26)?
-6
Let s(r) = 141*r**2 + 1975*r + 10. What is s(-14)?
-4
Let c(r) = 3*r + 76. Calculate c(21).
139
Let s(p) = p**2 - 15*p - 211. Determine s(25).
39
Let j(t) = t**3 + 4*t**2 - 50*t - 33. Determine j(-10).
-133
Let p(s) = 420*s - 3779. Determine p(9).
1
Let f(k) = -37*k + 240. Calculate f(10).
-130
Let s(f) = -5*f**2 + 510*f - 7. Give s(102).
-7
Let w(m) = 77*m - 4917. Determine w(64).
11
Let f(x) = -121*x - 1944. Calculate f(-16).
-8
Let w(u) = -u**3 + 5*u**2 + 15